{"version":"1.0","provider_name":"Ento","provider_url":"https:\/\/ento.org\/fr\/","author_name":"Audrey Coquelet","author_url":"https:\/\/ento.org\/fr\/author\/audrey-coqueletcrf-wallonie-be\/","title":"Istituto della formazione continua - Ento","type":"rich","width":600,"height":338,"html":"<blockquote class=\"wp-embedded-content\" data-secret=\"rvZyACcoag\"><a href=\"https:\/\/ento.org\/fr\/membre\/le-centre-de-formation-pour-les-autorites-locales\/\">Istituto della formazione continua<\/a><\/blockquote><iframe sandbox=\"allow-scripts\" security=\"restricted\" src=\"https:\/\/ento.org\/fr\/membre\/le-centre-de-formation-pour-les-autorites-locales\/embed\/#?secret=rvZyACcoag\" width=\"600\" height=\"338\" title=\"\u00ab\u00a0Istituto della formazione continua\u00a0\u00bb &#8212; Ento\" data-secret=\"rvZyACcoag\" frameborder=\"0\" marginwidth=\"0\" marginheight=\"0\" scrolling=\"no\" class=\"wp-embedded-content\"><\/iframe><script type=\"text\/javascript\">\n\/*! This file is auto-generated *\/\n!function(d,l){\"use strict\";var e=!1,o=!1;if(l.querySelector)if(d.addEventListener)e=!0;if(d.wp=d.wp||{},!d.wp.receiveEmbedMessage)if(d.wp.receiveEmbedMessage=function(e){var t=e.data;if(t)if(t.secret||t.message||t.value)if(!\/[^a-zA-Z0-9]\/.test(t.secret)){for(var r,a,i,s=l.querySelectorAll('iframe[data-secret=\"'+t.secret+'\"]'),n=l.querySelectorAll('blockquote[data-secret=\"'+t.secret+'\"]'),o=new RegExp(\"^https?:$\",\"i\"),c=0;c<n.length;c++)n[c].style.display=\"none\";for(c=0;c<s.length;c++)if(r=s[c],e.source===r.contentWindow){if(r.removeAttribute(\"style\"),\"height\"===t.message){if(1e3<(i=parseInt(t.value,10)))i=1e3;else if(~~i<200)i=200;r.height=i}if(\"link\"===t.message)if(a=l.createElement(\"a\"),i=l.createElement(\"a\"),a.href=r.getAttribute(\"src\"),i.href=t.value,o.test(i.protocol))if(i.host===a.host)if(l.activeElement===r)d.top.location.href=t.value}}},e)d.addEventListener(\"message\",d.wp.receiveEmbedMessage,!1),l.addEventListener(\"DOMContentLoaded\",t,!1),d.addEventListener(\"load\",t,!1);function t(){if(!o){o=!0;for(var e,t,r,a=-1!==navigator.appVersion.indexOf(\"MSIE 10\"),i=!!navigator.userAgent.match(\/Trident.*rv:11\\.\/),s=l.querySelectorAll(\"iframe.wp-embedded-content\"),n=0;n<s.length;n++){if(!(r=(t=s[n]).getAttribute(\"data-secret\")))r=Math.random().toString(36).substr(2,10),t.src+=\"#?secret=\"+r,t.setAttribute(\"data-secret\",r);if(a||i)(e=t.cloneNode(!0)).removeAttribute(\"security\"),t.parentNode.replaceChild(e,t);t.contentWindow.postMessage({message:\"ready\",secret:r},\"*\")}}}}(window,document);\n<\/script>\n","description":"Le Centre de formation pour les autorit\u00e9s locales est directement attach\u00e9 \u00e0 la Division professionnelle du D\u00e9partement pour l\u2019Education, la Culture et le Sport du Canton de Ticino. Son but est d\u2019offrir des formations pour les fonctionnaires et les politiciens qui travaillent dans les autorit\u00e9s locales de Ticino dans le but de les pr\u00e9parer au mieux \u00e0 faire face aux changements qui impliquent les autorit\u00e9s locales."}

Le Centre de formation pour les autorités locales est directement attaché à la Division professionnelle du Département pour l’Education, la Culture et le Sport du Canton de Ticino. Son but est d’offrir des formations pour les fonctionnaires et les politiciens qui travaillent dans les autorités locales de Ticino dans le but de les préparer au mieux à faire face aux changements qui impliquent les autorités locales.
