{"version":"1.0","provider_name":"Ento","provider_url":"https:\/\/ento.org\/fr\/","author_name":"Audrey Coquelet","author_url":"https:\/\/ento.org\/fr\/author\/audrey-coqueletcrf-wallonie-be\/","title":"INSTITUT PROVINCIAL DE FORMATION - Ento","type":"rich","width":600,"height":338,"html":"<blockquote class=\"wp-embedded-content\" data-secret=\"IAAMfOO96u\"><a href=\"https:\/\/ento.org\/fr\/membre\/institut-provincial-de-formation\/\">INSTITUT PROVINCIAL DE FORMATION<\/a><\/blockquote><iframe sandbox=\"allow-scripts\" security=\"restricted\" src=\"https:\/\/ento.org\/fr\/membre\/institut-provincial-de-formation\/embed\/#?secret=IAAMfOO96u\" width=\"600\" height=\"338\" title=\"\u00ab\u00a0INSTITUT PROVINCIAL DE FORMATION\u00a0\u00bb &#8212; Ento\" data-secret=\"IAAMfOO96u\" frameborder=\"0\" marginwidth=\"0\" marginheight=\"0\" scrolling=\"no\" class=\"wp-embedded-content\"><\/iframe><script type=\"text\/javascript\">\n\/*! This file is auto-generated *\/\n!function(d,l){\"use strict\";var e=!1,o=!1;if(l.querySelector)if(d.addEventListener)e=!0;if(d.wp=d.wp||{},!d.wp.receiveEmbedMessage)if(d.wp.receiveEmbedMessage=function(e){var t=e.data;if(t)if(t.secret||t.message||t.value)if(!\/[^a-zA-Z0-9]\/.test(t.secret)){for(var r,a,i,s=l.querySelectorAll('iframe[data-secret=\"'+t.secret+'\"]'),n=l.querySelectorAll('blockquote[data-secret=\"'+t.secret+'\"]'),o=new RegExp(\"^https?:$\",\"i\"),c=0;c<n.length;c++)n[c].style.display=\"none\";for(c=0;c<s.length;c++)if(r=s[c],e.source===r.contentWindow){if(r.removeAttribute(\"style\"),\"height\"===t.message){if(1e3<(i=parseInt(t.value,10)))i=1e3;else if(~~i<200)i=200;r.height=i}if(\"link\"===t.message)if(a=l.createElement(\"a\"),i=l.createElement(\"a\"),a.href=r.getAttribute(\"src\"),i.href=t.value,o.test(i.protocol))if(i.host===a.host)if(l.activeElement===r)d.top.location.href=t.value}}},e)d.addEventListener(\"message\",d.wp.receiveEmbedMessage,!1),l.addEventListener(\"DOMContentLoaded\",t,!1),d.addEventListener(\"load\",t,!1);function t(){if(!o){o=!0;for(var e,t,r,a=-1!==navigator.appVersion.indexOf(\"MSIE 10\"),i=!!navigator.userAgent.match(\/Trident.*rv:11\\.\/),s=l.querySelectorAll(\"iframe.wp-embedded-content\"),n=0;n<s.length;n++){if(!(r=(t=s[n]).getAttribute(\"data-secret\")))r=Math.random().toString(36).substr(2,10),t.src+=\"#?secret=\"+r,t.setAttribute(\"data-secret\",r);if(a||i)(e=t.cloneNode(!0)).removeAttribute(\"security\"),t.parentNode.replaceChild(e,t);t.contentWindow.postMessage({message:\"ready\",secret:r},\"*\")}}}}(window,document);\n<\/script>\n","description":"Sa mission est de proposer un large axe strat\u00e9gique et les lignes principales qui vont d\u00e9terminer la politique provinciale en regard de la formation continue et de la RGB, des formations aux m\u00e9tiers de la s\u00e9curit\u00e9, principalement publique, conform\u00e9ment aux lois et aux d\u00e9crets."}

Sa mission est de proposer un large axe stratégique et les lignes principales qui vont déterminer la politique provinciale en regard de la formation continue et de la RGB, des formations aux métiers de la sécurité, principalement publique, conformément aux lois et aux décrets.
